-11 - -24. Let h be -1*-4*(333/4 - -4). Let r = -336 + h. What is the highest common factor of x and r?
13
Suppose -d - 5*j = -745, -4*d + 3004 = 57*j - 61*j. Calculate the greatest common divisor of d and 60.
30
Let u = -356 - -469. Suppose -835 = -5*c + 5*v, -720 = -5*c + 4*v + u. Calculate the highest common factor of c and 66.
33
Let i = 91 - 61. Let s = -755 + 761. Calculate the greatest common divisor of s and i.
6
Suppose 56 = 5*x + 6. Suppose 0 = -2*r - 8, -14*r - 76 = -v - x*r. What is the greatest common factor of 6 and v?
6
Suppose 228*i = 23858 - 8493 + 30235. Calculate the highest common factor of 1000 and i.
200
Let t = 4959 - 4947. Calculate the greatest common divisor of 1788 and t.
12
Suppose 3*t + 14406 = 5*f, -2*f - t + 1538 = -4231. Calculate the greatest common divisor of f and 155.
31
Let p = 85 - 96. Let r(m) = -m**3 - 9*m**2 + 11*m + 4. Let b be r(p). What is the greatest common factor of b and 5?
5
Let n(g) = 3*g - 9. Let m be n(6). Suppose -4*w + m = -2*j - w, -10 = -2*w. Suppose -j*s = 2*s - 520. What is the greatest common divisor of s and 8?
8
Let a = -13558 - -13580. Calculate the greatest common factor of a and 6094.
22
Let t = -1363 + 1408. What is the highest common factor of 3435 and t?
15
Let i(p) = -13*p**3 + 52*p**2 + 362*p + 37. Let u be i(-8). What is the highest common factor of 150 and u?
75
Let q(h) = -2*h**3 + 26*h**2 + 33*h - 40. Let w be q(12). Let o = w + -595. Suppose -2*c + 566 = -512. What is the highest common factor of c and o?
49
Let o = -1510 + 2290. Calculate the greatest common factor of o and 247.
13
Let x = 419 - -1011. What is the highest common divisor of 440 and x?
110
Let a = -794 - -915. What is the highest common divisor of a and 341?
11
Suppose -1068 - 5432 = -5*u. Let x be (-1)/9 - u/(-36). Suppose 0 = -3*w + 3*k + 51, -k + 5*k = -4*w + x. What is the highest common divisor of w and 247?
13
Let g = 97 + -97. Suppose g = -61*z + 52*z + 54. What is the highest common factor of z and 108?
6
Let h = -4784 - -5103. What is the greatest common factor of 121 and h?
11
Let o = 1529 + -869. Suppose q - 8 = -n, 51*n - 52*n = 7. Calculate the greatest common divisor of q and o.
15
Let s = -57 + 59. Suppose 2*y - 11 = d + 5*y, 2*d + 2*y + s = 0. Suppose -d*o + 44 = z, -3*z = 3*o - 6*o + 33. Calculate the highest common divisor of o and 2.
1
Suppose g - 5*a = 76, 2*g + 102*a - 100*a = 56. Let b(y) = 90*y**2. Let z be b(1). Calculate the highest common factor of g and z.
18
Let o(s) = 2*s**3 - 45*s**2 - 25*s + 48. Let l be o(23). Suppose -l*c - 4*f + 784 = -3*f, -772 = -2*c + 5*f. Calculate the greatest common factor of 23 and c.
23
Let t = -4349 - -5611. Calculate the greatest common divisor of 2 and t.
2
Let l be (-1)/(-11) + ((-97890)/(-110) - 8). Let g(f) = -4*f - 6. Let r be g(-6). What is the highest common factor of l and r?
18
Let n be (-8)/(-2)*216294/472. Calculate the highest common divisor of n and 2256.
141
Let y be (-10284)/(-6) + (-9)/3. Calculate the greatest common factor of y and 29.
29
Let s be (6 + 105/(-1))*(-16)/12. Let f(y) = y**2 + 9*y - 57. Let n be f(-15). What is the highest common divisor of n and s?
33
Let u = -28929 + 28997. Calculate the highest common divisor of u and 6698.
34
Suppose 5*j - 7 = 8, 5*o + 2*j - 111 = 0. Let y be (1/(-3))/(6/(-162)). Calculate the greatest common factor of y and o.
3
Let p = -21953 + 10288. Let c be 2/(-8) - (p/20 + -1). Suppose 4*a - s = c, 2*a + 8*s = 5*s + 278. What is the highest common divisor of 29 and a?
29
Let k = -27 + 45. Let p(u) = -u**2 - 5*u - 3. Let h be p(-3). Suppose -4*x = 8, y - h*x - 4 - 8 = 0. Calculate the greatest common divisor of k and y.
6
Let c(j) be the second derivative of j**5/20 - j**4 + j**3 + 11*j**2/2 - 9*j. Let x be c(13). What is the highest common factor of 6 and x?
6
Let h(c) = 2*c**2 + c. Let i be h(-2). Let s be 2/i + 16/6. Suppose 0 = 35*m + 757168 - 758533. Calculate the greatest common divisor of s and m.
3
Suppose -22305 = -172*w + 2119. Calculate the highest common divisor of w and 1349.
71
Suppose -5*a - 92 - 5 = -2*o, -o = 2*a - 62. What is the highest common factor of 224 and o?
56
Suppose -2*w - v + 5*v + 140 = 0, -2*w = v - 125. Let g be (15/(-4))/(4/w*6). Let j be ((-12)/(-14))/(g/(-35)). Calculate the highest common factor of 9 and j.
3
Suppose -3*y + y = -9*y. Suppose y = -6*l + 20 - 14. Let m(i) = 39*i**3 - i**2 + 2*i - 1. Let c be m(l). What is the highest common divisor of 117 and c?
39
Let q be ((-3)/(-2))/((-2)/(-60)). Let o(d) = 278*d + 4*d**2 + 6 - 282*d + 2*d**3 - 3*d**2. Let a be o(2). Calculate the greatest common factor of a and q.
9
Let u be -1780*2/(-200) - ((-12)/10 - -1). Calculate the highest common factor of u and 3114.
18
Let u be (-4337)/(-5) + (180/(-300) - 2/(-10)). Calculate the greatest common factor of u and 17.
17
Suppose 24*g - 856 = -40. What is the greatest common factor of g and 425?
17
Let y(b) = -b**3 - 8*b**2 + b + 10. Let q be y(-8). Let l = 17 + -17. Suppose -i + k + 14 = 2, l = 4*i - 3*k - 52. What is the highest common factor of q and i?
2
Let q = 7578 - 7236. Calculate the highest common divisor of 72 and q.
18
Suppose 2*f + z - 7 = 0, 2*z = f - 2*z + 10. Let b be -3 + (f/8 - 599/(-4)). Calculate the greatest common divisor of b and 63.
21
Suppose -22*r - 2001 = -9701. Let l = 360 - r. Let b = -262 + 372. What is the highest common factor of l and b?
10
Suppose -t = 4*w + 10, 118 = 3*t - 2*w + 92. What is the greatest common factor of t and 3714?
6
Let k(o) = o**3 + 2*o**2 + 4*o + 36. Let l be (-4)/12*(4 + -19) + -5. Let f be k(l). What is the greatest common divisor of 81 and f?
9
Suppose 1074 = -31*h + 1073 + 3473. What is the highest common factor of h and 2492?
28
Suppose 0 = -3*o + c + 21, -28 = -o - 3*o + 2*c. Suppose -o*r + 5*r - 116 = -u, 136 = u + 2*r. What is the highest common factor of u and 14?
14
Let z be 654/(-4)*((-28)/(-70))/((-9)/1035). What is the greatest common divisor of z and 69?
69
Let r(i) = -81*i - 94*i + 286*i - 96*i - 177. Let o be r(16). What is the greatest common factor of o and 14?
7
Let y(i) = i**2 + 2*i + 4. Let u be y(-2). Suppose 2*p = u*h + 7*p - 148, 12 = 3*p. Calculate the highest common divisor of 224 and h.
32
Suppose -2*s - 15300 = -4*o - 5*s, -12*s = o - 3870. What is the highest common factor of o and 2352?
294
Let y = -1084 + 1222. What is the highest common factor of y and 246?
6
Suppose -5*l = s - 2, -5*s + 88 = -4*l - 38. Let j = -3 - 7. Let t = 56 - j. What is the highest common factor of t and s?
22
Suppose 77*a - 30*a = 8460. What is the highest common factor of 3285 and a?
45
Suppose 27*s - 2654 = -8864. Let l be (s/(-20))/((-1)/(-16)). What is the greatest common divisor of l and 23?
23
Suppose 0 = -25*f + 49*f - 4*f - 1140. Calculate the greatest common factor of f and 10203.
57
Suppose -2*i = 3*f - 1676 + 170, f - 506 = -2*i. Let p = -250 + f. Calculate the highest common divisor of 20 and p.
10
Let z be (-2 - (-434)/4)*(-224 - -244). What is the greatest common divisor of 40 and z?
10
Let r be (144/(-15))/(-6)*-95. Let m = r + 156. Suppose 6*u - 256 = 2*u. What is the highest common divisor of m and u?
4
Let f = 378 + -765. Let g = f - -612. Calculate the highest common factor of 150 and g.
75
Let y be 31 + -1 + 1 + -1. Suppose -3*t + 2544 = 24*a - 20*a, 3182 = 5*a + 4*t. What is the greatest common divisor of a and y?
30
Suppose -6 = v - 30. Suppose 625 = 3*i + 241. What is the highest common factor of i and v?
8
Let q be (-8 + (-55)/(-3))*-3. Let j(n) = n**2 + 29*n - 17. Let x be j(q). Let m be (-1)/2*1*-18. What is the greatest common factor of x and m?
9
Suppose -5*y + 8045 = b + 4*b, 4*y = 4*b - 6452. What is the highest common factor of 36 and b?
9
Let z = -9 - -20. Let d = z - 5. Suppose -3*n - 3*s = -243, d*s = -4*n + 3*s + 320. What is the greatest common divisor of 11 and n?
11
Let z = -18 - -85. Let o = z - 53. Calculate the highest common divisor of o and 182.
14
Let l(k) = -22 - 4*k + 18 + k**2 - 3*k**2 + 3*k**2. Let a be l(-2). Suppose 270 = a*c + 70. What is the greatest common factor of 10 and c?
5
Let x be 13/65 - 1/(-10)*-202. Let f be (4/6)/(x/(-360)). Let q = 6 - -54. What is the greatest common factor of q and f?
12
Suppose -l - 2*s = 13, 4*l - 4*s = 21 + 11. Calc